
3
What is the hundred thousands digit of 1696156240?
1
What is the units digit of 199170409?
9
What is the ten millions digit of 2555216187?
5
What is the hundred millions digit of 488647604?
4
What is the hundreds digit of 261824617?
6
What is the hundred thousands digit of 189488755?
4
What is the thousands digit of 24492601?
2
What is the thousands digit of 38884239?
4
What is the hundred millions digit of 1424797930?
4
What is the millions digit of 60708292?
0
What is the hundred millions digit of 255390106?
2
What is the hundred millions digit of 439721145?
4
What is the ten thousands digit of 3228757045?
5
What is the hundreds digit of 1380417336?
3
What is the ten thousands digit of 27258906?
5
What is the units digit of 65278500?
0
What is the ten thousands digit of 259571823?
7
What is the hundreds digit of 1913159?
1
What is the tens digit of 926859?
5
What is the ten millions digit of 1626928353?
2
What is the hundreds digit of 63959801?
8
What is the units digit of 196113914?
4
What is the hundreds digit of 5091713523?
5
What is the ten millions digit of 44037250?
4
What is the ten millions digit of 27070483?
2
What is the thousands digit of 173213296?
3
What is the units digit of 956437312?
2
What is the hundred thousands digit of 324900515?
9
What is the tens digit of 17047614?
1
What is the ten millions digit of 622234054?
2
What is the millions digit of 46085656?
6
What is the hundred thousands digit of 2662298928?
2
What is the ten millions digit of 286448362?
8
What is the hundreds digit of 11808606?
6
What is the hundreds digit of 6821476695?
6
What is the billions digit of 1136464478?
1
What is the tens digit of 1354719509?
0
What is the tens digit of 2098812713?
1
What is the hundred millions digit of 833656998?
8
What is the hundreds digit of 3744125142?
1
What is the millions digit of 951861004?
1
What is the ten millions digit of 1053637847?
5
What is the units digit of 15378676?
6
What is the tens digit of 35970481?
8
What is the ten millions digit of 11736091?
1
What is the millions digit of 158524967?
8
What is the tens digit of 964268933?
3
What is the hundred thousands digit of 1094859687?
8
What is the ten millions digit of 127469893?
2
What is the ten millions digit of 287750204?
8
What is the hundreds digit of 973352455?
4
What is the hundred thousands digit of 179625581?
6
What is the units digit of 190924583?
3
What is the thousands digit of 60905629?
5
What is the hundreds digit of 44393373?
3
What is the hundred thousands digit of 34214582?
2
What is the hundred millions digit of 552140602?
5
What is the hundred thousands digit of 7144508423?
5
What is the units digit of 606956804?
4
What is the ten millions digit of 4587892803?
8
What is the units digit of 180001848?
8
What is the hundreds digit of 243916042?
0
What is the billions digit of 1080817834?
1
What is the hundreds digit of 7846795?
7
What is the hundred millions digit of 291387754?
2
What is the hundreds digit of 23465801?
8
What is the hundred thousands digit of 1042124?
0
What is the hundreds digit of 88392531?
5
What is the thousands digit of 1927539292?
9
What is the thousands digit of 8449713?
9
What is the hundred millions digit of 109826806?
1
What is the ten millions digit of 112415649?
1
What is the hundred thousands digit of 31946745?
9
What is the ten millions digit of 49549892?
4
What is the billions digit of 2786851131?
2
What is the thousands digit of 368059389?
9
What is the hundreds digit of 9698256?
2
What is the thousands digit of 11549244?
9
What is the hundreds digit of 45007399?
3
What is the ten millions digit of 82369794?
8
What is the tens digit of 110672375?
7
What is the millions digit of 900619017?
0
What is the hundred millions digit of 442735776?
4
What is the ten thousands digit of 1288555158?
5
What is the tens digit of 16798157?
5
What is the thousands digit of 799212368?
2
What is the ten thousands digit of 1995352629?
5
What is the ten thousands digit of 4516881?
1
What is the millions digit of 846827444?
6
What is the hundreds digit of 748301141?
1
What is the units digit of 1405727754?
4
What is the tens digit of 72374396?
9
What is the hundred millions digit of 471640316?
4
What is the millions digit of 206570402?
6
What is the ten millions digit of 126431411?
2
What is the hundreds digit of 2353332?
3
What is the ten thousands digit of 856978320?
7
What is the thousands digit of 66407223?
7
What is the ten thousands digit of 8329044387?
4
What is the ten millions digit of 16812706?
1
What is the thousands digit of 3534172?
4
What is the hundred thousands digit of 24927474?
9
What is the hundreds digit of 416463588?
5
What is the thousands digit of 771700962?
0
What is the hundred thousands digit of 88536710?
5
What is the hundred thousands digit of 71078777?
0
What is the thousands digit of 690670127?
0
What is the tens digit of 1846188160?
6
What is the millions digit of 2407385?
2
What is the hundred thousands digit of 4768415?
7
What is the units digit of 79390920?
0
What is the thousands digit of 540256831?
6
What is the units digit of 96064277?
7
What is the millions digit of 715627678?
5
What is the millions digit of 497028462?
7
What is the tens digit of 49991316?
1
What is the units digit of 110033275?
5
What is the hundred millions digit of 794857787?
7
What is the tens digit of 4003049?
4
What is the ten thousands digit of 1737510712?
1
What is the millions digit of 103590638?
3
What is the tens digit of 4167441626?
2
What is the hundreds digit of 117613617?
6
What is the millions digit of 2290377562?
0
What is the billions digit of 1396083063?
1
What is the hundred millions digit of 130048887?
1
What is the ten millions digit of 1050837657?
5
What is the ten millions digit of 69611179?
6
What is the thousands digit of 2747004564?
4
What is the millions digit of 54243331?
4
What is the hundred thousands digit of 1150092467?
0
What is the millions digit of 168139459?
8
What is the ten millions digit of 24007775?
2
What is the ten millions digit of 25142275?
2
What is the hundreds digit of 6508422342?
3
What is the units digit of 78557565?
5
What is the tens digit of 2919596340?
4
What is the units digit of 74415901?
1
What is the hundreds digit of 643063196?
1
What is the thousands digit of 502885?
2
What is the thousands digit of 56246287?
6
What is the millions digit of 12446692?
2
What is the hundred millions digit of 5495152048?
4
What is the hundreds digit of 86571846?
8
What is the tens digit of 28432522?
2
What is the ten thousands digit of 13852320?
5
What is the tens digit of 2127350060?
6
What is the ten millions digit of 260796816?
6
What is the ten millions digit of 269691149?
6
What is the units digit of 119331717?
7
What is the hundreds digit of 3598907?
9
What is the ten millions digit of 239041226?
3
What is the ten millions digit of 3093818050?
9
What is the hundreds digit of 152553546?
5
What is the millions digit of 307235207?
7
What is the ten thousands digit of 528554198?
5
What is the thousands digit of 237633367?
3
What is the hundreds digit of 22461816?
8
What is the hundreds digit of 194371309?
3
What is the ten thousands digit of 138855340?
5
What is the hundreds digit of 243530664?
6
What is the ten thousands digit of 34569837?
6
What is the hundred thousands digit of 160362846?
3
What is the millions digit of 407495508?
7
What is the ten thousands digit of 1053736329?
3
What is the thousands digit of 92234622?
4
What is the hundred thousands digit of 16318943?
3
What is the ten millions digit of 262393685?
6
What is the millions digit of 1198440950?
8
What is the ten thousands digit of 549137633?
3
What is the units digit of 15543115?
5
What is the ten thousands digit of 15539777?
3
What is the hundred thousands digit of 94193214?
1
What is the units digit of 3069232147?
7
What is the millions digit of 2139551361?
9
What is the ten thousands digit of 246814943?
1
What is the millions digit of 93042219?
3
What is the hundred thousands digit of 279392874?
3
What is the ten thousands digit of 317867819?
6
What is the hundreds digit of 72543088?
0
What is the ten millions digit of 833056602?
3
What is the tens digit of 3379597531?
3
What is the ten millions digit of 1467